{"id":103,"date":"2022-05-28T23:20:04","date_gmt":"2022-05-28T21:20:04","guid":{"rendered":"https:\/\/www.audy.fr\/?page_id=103"},"modified":"2022-05-30T02:37:50","modified_gmt":"2022-05-30T00:37:50","slug":"piquets","status":"publish","type":"page","link":"https:\/\/audy.fr\/?page_id=103","title":{"rendered":"PIQUETS"},"content":{"rendered":"\r\n<h4 class=\"has-text-align-center wp-block-heading\">Piquets \/ Marquants<\/h4>\r\n\r\n\r\n\r\n<p class=\"has-text-align-left\">Derniers arriv\u00e9s dans la famille Audy, les piquets en bois compl\u00e8tent notre offre de produits en pin des Landes transform\u00e9s.<br>Pour le choix des dimensions et des finitions, n\u2019h\u00e9sitez pas \u00e0 <a href=\"mailto:contact@audy.fr\">nous contacter<\/a>.<\/p>\r\n\r\n\r\n\r\n<hr class=\"wp-block-separator has-alpha-channel-opacity\"\/>\r\n\r\n\r\n\r\n<div class=\"wp-block-columns is-layout-flex wp-container-core-columns-is-layout-9d6595d7 wp-block-columns-is-layout-flex\">\r\n<div class=\"wp-block-column is-layout-flow wp-block-column-is-layout-flow\">\r\n<figure class=\"wp-block-image size-full\"><img loading=\"lazy\" decoding=\"async\" width=\"474\" height=\"571\" src=\"http:\/\/www.audy.fr\/wp-content\/uploads\/2022\/05\/piquets1.jpg\" alt=\"\" class=\"wp-image-61\" srcset=\"https:\/\/audy.fr\/wp-content\/uploads\/2022\/05\/piquets1.jpg 474w, https:\/\/audy.fr\/wp-content\/uploads\/2022\/05\/piquets1-249x300.jpg 249w, https:\/\/audy.fr\/wp-content\/uploads\/2022\/05\/piquets1-50x60.jpg 50w\" sizes=\"auto, (max-width: 474px) 100vw, 474px\" \/><\/figure>\r\n<\/div>\r\n\r\n\r\n\r\n<div class=\"wp-block-column is-layout-flow wp-block-column-is-layout-flow\"><div class=\"wp-block-image\">\r\n<figure class=\"aligncenter size-full\"><img loading=\"lazy\" decoding=\"async\" width=\"229\" height=\"152\" src=\"http:\/\/www.audy.fr\/wp-content\/uploads\/2022\/05\/piquets2.jpg\" alt=\"\" class=\"wp-image-62\" srcset=\"https:\/\/audy.fr\/wp-content\/uploads\/2022\/05\/piquets2.jpg 229w, https:\/\/audy.fr\/wp-content\/uploads\/2022\/05\/piquets2-90x60.jpg 90w\" sizes=\"auto, (max-width: 229px) 100vw, 229px\" \/><\/figure>\r\n<\/div>\r\n\r\n<div class=\"wp-block-image\">\r\n<figure class=\"aligncenter size-full\"><img loading=\"lazy\" decoding=\"async\" width=\"176\" height=\"199\" src=\"http:\/\/www.audy.fr\/wp-content\/uploads\/2022\/05\/piquets3.jpg\" alt=\"\" class=\"wp-image-63\" srcset=\"https:\/\/audy.fr\/wp-content\/uploads\/2022\/05\/piquets3.jpg 176w, https:\/\/audy.fr\/wp-content\/uploads\/2022\/05\/piquets3-53x60.jpg 53w\" sizes=\"auto, (max-width: 176px) 100vw, 176px\" \/><\/figure>\r\n<\/div><\/div>\r\n<\/div>\r\n\r\n\r\n\r\n<hr class=\"wp-block-separator has-alpha-channel-opacity\"\/>\r\n","protected":false},"excerpt":{"rendered":"<p>Piquets \/ Marquants Derniers arriv\u00e9s dans la famille Audy, les piquets en bois compl\u00e8tent notre offre de produits en pin des Landes transform\u00e9s.Pour le choix des dimensions et des finitions, n\u2019h\u00e9sitez pas \u00e0 nous contacter.<\/p>\n","protected":false},"author":1,"featured_media":62,"parent":0,"menu_order":0,"comment_status":"closed","ping_status":"closed","template":"","meta":{"footnotes":""},"class_list":["post-103","page","type-page","status-publish","has-post-thumbnail","hentry","latest_post"],"_links":{"self":[{"href":"https:\/\/audy.fr\/index.php?rest_route=\/wp\/v2\/pages\/103","targetHints":{"allow":["GET"]}}],"collection":[{"href":"https:\/\/audy.fr\/index.php?rest_route=\/wp\/v2\/pages"}],"about":[{"href":"https:\/\/audy.fr\/index.php?rest_route=\/wp\/v2\/types\/page"}],"author":[{"embeddable":true,"href":"https:\/\/audy.fr\/index.php?rest_route=\/wp\/v2\/users\/1"}],"replies":[{"embeddable":true,"href":"https:\/\/audy.fr\/index.php?rest_route=%2Fwp%2Fv2%2Fcomments&post=103"}],"version-history":[{"count":3,"href":"https:\/\/audy.fr\/index.php?rest_route=\/wp\/v2\/pages\/103\/revisions"}],"predecessor-version":[{"id":335,"href":"https:\/\/audy.fr\/index.php?rest_route=\/wp\/v2\/pages\/103\/revisions\/335"}],"wp:featuredmedia":[{"embeddable":true,"href":"https:\/\/audy.fr\/index.php?rest_route=\/wp\/v2\/media\/62"}],"wp:attachment":[{"href":"https:\/\/audy.fr\/index.php?rest_route=%2Fwp%2Fv2%2Fmedia&parent=103"}],"curies":[{"name":"wp","href":"https:\/\/api.w.org\/{rel}","templated":true}]}}

<h4 class="has-text-align-center wp-block-heading">Piquets / Marquants</h4>



<p class="has-text-align-left">Derniers arrivés dans la famille Audy, les piquets en bois complètent notre offre de produits en pin des Landes transformés.<br>Pour le choix des dimensions et des finitions, n’hésitez pas à <a href="mailto:contact@audy.fr">nous contacter</a>.</p>



<hr class="wp-block-separator has-alpha-channel-opacity"/>



<div class="wp-block-columns is-layout-flex wp-container-core-columns-is-layout-9d6595d7 wp-block-columns-is-layout-flex">
<div class="wp-block-column is-layout-flow wp-block-column-is-layout-flow">
<figure class="wp-block-image size-full"><img loading="lazy" decoding="async" width="474" height="571" src="http://www.audy.fr/wp-content/uploads/2022/05/piquets1.jpg" alt="" class="wp-image-61" srcset="https://audy.fr/wp-content/uploads/2022/05/piquets1.jpg 474w, https://audy.fr/wp-content/uploads/2022/05/piquets1-249x300.jpg 249w, https://audy.fr/wp-content/uploads/2022/05/piquets1-50x60.jpg 50w" sizes="auto, (max-width: 474px) 100vw, 474px" /></figure>
</div>



<div class="wp-block-column is-layout-flow wp-block-column-is-layout-flow"><div class="wp-block-image">
<figure class="aligncenter size-full"><img loading="lazy" decoding="async" width="229" height="152" src="http://www.audy.fr/wp-content/uploads/2022/05/piquets2.jpg" alt="" class="wp-image-62" srcset="https://audy.fr/wp-content/uploads/2022/05/piquets2.jpg 229w, https://audy.fr/wp-content/uploads/2022/05/piquets2-90x60.jpg 90w" sizes="auto, (max-width: 229px) 100vw, 229px" /></figure>
</div>

<div class="wp-block-image">
<figure class="aligncenter size-full"><img loading="lazy" decoding="async" width="176" height="199" src="http://www.audy.fr/wp-content/uploads/2022/05/piquets3.jpg" alt="" class="wp-image-63" srcset="https://audy.fr/wp-content/uploads/2022/05/piquets3.jpg 176w, https://audy.fr/wp-content/uploads/2022/05/piquets3-53x60.jpg 53w" sizes="auto, (max-width: 176px) 100vw, 176px" /></figure>
</div></div>
</div>



<hr class="wp-block-separator has-alpha-channel-opacity"/>

<p>Piquets / Marquants Derniers arrivés dans la famille Audy, les piquets en bois complètent notre offre de produits en pin des Landes transformés.Pour le choix des dimensions et des finitions, n’hésitez pas à nous contacter.</p>
