{"id":350,"date":"2022-05-30T13:52:30","date_gmt":"2022-05-30T11:52:30","guid":{"rendered":"https:\/\/www.audy.fr\/?page_id=350"},"modified":"2024-12-22T10:18:07","modified_gmt":"2024-12-22T09:18:07","slug":"normes","status":"publish","type":"page","link":"https:\/\/audy.fr\/?page_id=350","title":{"rendered":"NORMES"},"content":{"rendered":"\r\n<h4 class=\"has-text-align-center has-black-color has-white-background-color has-text-color has-background wp-block-heading\"><strong>Tous nos produits r\u00e9pondent aux normes europ\u00e9ennes en vigueur.<\/strong><\/h4>\r\n\r\n\r\n\r\n<div class=\"wp-block-columns alignwide is-layout-flex wp-container-core-columns-is-layout-9d6595d7 wp-block-columns-is-layout-flex\">\r\n<div class=\"wp-block-column has-text-color has-background has-link-color wp-elements-171408ea8f00fa0fb14f622168c06202 is-layout-flow wp-block-column-is-layout-flow\" style=\"color: #000000; background-color: #9fc6aa; padding: 2em;\"><div class=\"wp-block-image\">\r\n<figure class=\"aligncenter size-full is-resized\"><img loading=\"lazy\" decoding=\"async\" class=\"wp-image-284\" src=\"http:\/\/www.audy.fr\/wp-content\/uploads\/2022\/05\/nf.png\" alt=\"\" width=\"154\" height=\"130\" srcset=\"https:\/\/audy.fr\/wp-content\/uploads\/2022\/05\/nf.png 160w, https:\/\/audy.fr\/wp-content\/uploads\/2022\/05\/nf-71x60.png 71w\" sizes=\"auto, (max-width: 154px) 100vw, 154px\" \/><\/figure>\r\n<\/div>\r\n\r\n<hr class=\"wp-block-separator has-alpha-channel-opacity\" \/>\r\n\r\n\r\n<h4 id=\"single\" class=\"has-text-align-center wp-block-heading\">Nos fabrications r\u00e9pondent \u00e0 la norme fran\u00e7aise NF<\/h4>\r\n\r\n\r\n<hr class=\"wp-block-separator has-css-opacity is-style-wide\" \/>\r\n\r\n\r\n<p class=\"has-text-align-left\">Garantie du respect des normes Fran\u00e7aises et Europ\u00e9ennes<br \/>Garantie de la qualit\u00e9 contr\u00f4l\u00e9e par un organisme ind\u00e9pendant et avec des essais r\u00e9guliers<br \/>Garantie d\u2019utilisation des bois issus de for\u00eats g\u00e9r\u00e9es durablement.<\/p>\r\n<\/div>\r\n\r\n\r\n\r\n<div class=\"wp-block-column has-text-color has-background has-link-color wp-elements-ceee60925adc22b9f870b0c509d4c878 is-layout-flow wp-block-column-is-layout-flow\" style=\"color: #000000; background-color: #9fc6aa; padding: 2em;\"><div class=\"wp-block-image\">\r\n<figure class=\"aligncenter size-full is-resized\"><img loading=\"lazy\" decoding=\"async\" class=\"wp-image-284\" src=\"https:\/\/audy.fr\/wp-content\/uploads\/2024\/12\/pefc_new_400.png\" alt=\"\" width=\"80\" height=\"68\" \/><\/figure>\r\n<\/div>\r\n\r\n<hr class=\"wp-block-separator has-alpha-channel-opacity\" \/>\r\n\r\n\r\n<h4 id=\"family\" class=\"has-text-align-center wp-block-heading\">Norme PEFC<\/h4>\r\n\r\n\r\n<hr class=\"wp-block-separator has-css-opacity is-style-wide\" \/>\r\n\r\n\r\n<p>Dans un souci constant de pr\u00e9server notre environnement, nous avons entam\u00e9 le grand chantier de la certification avec succ\u00e8s. Depuis plusieurs ann\u00e9es, nos produits sont labellis\u00e9s PEFC, ce qui signifie que les bois utilis\u00e9s au cours des fabrications proviennent de la for\u00eat des Landes de Gascogne, for\u00eat g\u00e9r\u00e9e durablement.<\/p>\r\n<\/div>\r\n<\/div>\r\n\r\n\r\n\r\n<h4 class=\"has-text-align-center wp-block-heading\">Qu\u2019est-ce qu\u2019une for\u00eat g\u00e9r\u00e9e durablement ?<\/h4>\r\n\r\n\r\n\r\n<div class=\"wp-block-columns is-layout-flex wp-container-core-columns-is-layout-9d6595d7 wp-block-columns-is-layout-flex\">\r\n<div class=\"wp-block-column has-background is-layout-flow wp-block-column-is-layout-flow\" style=\"background-color: #fc72001c;\">\r\n<p>Le d\u00e9veloppement durable a pour objet de g\u00e9rer les espaces et les ressources de mani\u00e8re \u00e0 pouvoir r\u00e9pondre aux besoins pr\u00e9sents sans compromettre ceux des g\u00e9n\u00e9rations futures. PEFC inscrit la for\u00eat dans le d\u00e9veloppement durable. Comment ? Gr\u00e2ce \u00e0 des r\u00e8gles de gestion qui visent \u00e0 pr\u00e9server la for\u00eat pour l\u2019avenir tout en permettant de produire du bois. Une for\u00eat g\u00e9r\u00e9e durablement est une for\u00eat qui :<\/p>\r\n\r\n\r\n\r\n<ul class=\"wp-block-list\">\r\n<li>respecte et maintient sa biodiversit\u00e9,<\/li>\r\n<li>dont les sols et les eaux sont respect\u00e9s,<\/li>\r\n<li>est en bon \u00e9tat sanitaire et se renouvelle,<\/li>\r\n<li>et b\u00e9n\u00e9ficie \u00e0 toute la soci\u00e9t\u00e9 : ressource en bois, puits de carbone, lieu de promenade et de loisirs !<\/li>\r\n<\/ul>\r\n<\/div>\r\n<\/div>\r\n\r\n\r\n\r\n<p>Plus d\u2019infos \u00e0 retrouver sur le site <a href=\"https:\/\/www.pefc-france.org\/\">PEFC | Gardien de l&rsquo;\u00e9quilibre forestier (pefc-france.org)<\/a><\/p>\r\n","protected":false},"excerpt":{"rendered":"<p>Tous nos produits r\u00e9pondent aux normes europ\u00e9ennes en vigueur. Nos fabrications r\u00e9pondent \u00e0 la norme fran\u00e7aise NF Garantie du respect des normes Fran\u00e7aises et Europ\u00e9ennesGarantie de la qualit\u00e9 contr\u00f4l\u00e9e par un organisme ind\u00e9pendant et avec des essais r\u00e9guliersGarantie d\u2019utilisation des bois issus de for\u00eats g\u00e9r\u00e9es durablement. Norme PEFC Dans un souci constant de pr\u00e9server notre &hellip; <\/p>\n","protected":false},"author":1,"featured_media":324,"parent":0,"menu_order":0,"comment_status":"closed","ping_status":"closed","template":"","meta":{"footnotes":""},"class_list":["post-350","page","type-page","status-publish","has-post-thumbnail","hentry","latest_post"],"_links":{"self":[{"href":"https:\/\/audy.fr\/index.php?rest_route=\/wp\/v2\/pages\/350","targetHints":{"allow":["GET"]}}],"collection":[{"href":"https:\/\/audy.fr\/index.php?rest_route=\/wp\/v2\/pages"}],"about":[{"href":"https:\/\/audy.fr\/index.php?rest_route=\/wp\/v2\/types\/page"}],"author":[{"embeddable":true,"href":"https:\/\/audy.fr\/index.php?rest_route=\/wp\/v2\/users\/1"}],"replies":[{"embeddable":true,"href":"https:\/\/audy.fr\/index.php?rest_route=%2Fwp%2Fv2%2Fcomments&post=350"}],"version-history":[{"count":18,"href":"https:\/\/audy.fr\/index.php?rest_route=\/wp\/v2\/pages\/350\/revisions"}],"predecessor-version":[{"id":913,"href":"https:\/\/audy.fr\/index.php?rest_route=\/wp\/v2\/pages\/350\/revisions\/913"}],"wp:featuredmedia":[{"embeddable":true,"href":"https:\/\/audy.fr\/index.php?rest_route=\/wp\/v2\/media\/324"}],"wp:attachment":[{"href":"https:\/\/audy.fr\/index.php?rest_route=%2Fwp%2Fv2%2Fmedia&parent=350"}],"curies":[{"name":"wp","href":"https:\/\/api.w.org\/{rel}","templated":true}]}}

<h4 class="has-text-align-center has-black-color has-white-background-color has-text-color has-background wp-block-heading"><strong>Tous nos produits répondent aux normes européennes en vigueur.</strong></h4>



<div class="wp-block-columns alignwide is-layout-flex wp-container-core-columns-is-layout-9d6595d7 wp-block-columns-is-layout-flex">
<div class="wp-block-column has-text-color has-background has-link-color wp-elements-171408ea8f00fa0fb14f622168c06202 is-layout-flow wp-block-column-is-layout-flow" style="color: #000000; background-color: #9fc6aa; padding: 2em;"><div class="wp-block-image">
<figure class="aligncenter size-full is-resized"><img loading="lazy" decoding="async" class="wp-image-284" src="http://www.audy.fr/wp-content/uploads/2022/05/nf.png" alt="" width="154" height="130" srcset="https://audy.fr/wp-content/uploads/2022/05/nf.png 160w, https://audy.fr/wp-content/uploads/2022/05/nf-71x60.png 71w" sizes="auto, (max-width: 154px) 100vw, 154px" /></figure>
</div>

<hr class="wp-block-separator has-alpha-channel-opacity" />


<h4 id="single" class="has-text-align-center wp-block-heading">Nos fabrications répondent à la norme française NF</h4>


<hr class="wp-block-separator has-css-opacity is-style-wide" />


<p class="has-text-align-left">Garantie du respect des normes Françaises et Européennes<br />Garantie de la qualité contrôlée par un organisme indépendant et avec des essais réguliers<br />Garantie d’utilisation des bois issus de forêts gérées durablement.</p>
</div>



<div class="wp-block-column has-text-color has-background has-link-color wp-elements-ceee60925adc22b9f870b0c509d4c878 is-layout-flow wp-block-column-is-layout-flow" style="color: #000000; background-color: #9fc6aa; padding: 2em;"><div class="wp-block-image">
<figure class="aligncenter size-full is-resized"><img loading="lazy" decoding="async" class="wp-image-284" src="https://audy.fr/wp-content/uploads/2024/12/pefc_new_400.png" alt="" width="80" height="68" /></figure>
</div>

<hr class="wp-block-separator has-alpha-channel-opacity" />


<h4 id="family" class="has-text-align-center wp-block-heading">Norme PEFC</h4>


<hr class="wp-block-separator has-css-opacity is-style-wide" />


<p>Dans un souci constant de préserver notre environnement, nous avons entamé le grand chantier de la certification avec succès. Depuis plusieurs années, nos produits sont labellisés PEFC, ce qui signifie que les bois utilisés au cours des fabrications proviennent de la forêt des Landes de Gascogne, forêt gérée durablement.</p>
</div>
</div>



<h4 class="has-text-align-center wp-block-heading">Qu’est-ce qu’une forêt gérée durablement ?</h4>



<div class="wp-block-columns is-layout-flex wp-container-core-columns-is-layout-9d6595d7 wp-block-columns-is-layout-flex">
<div class="wp-block-column has-background is-layout-flow wp-block-column-is-layout-flow" style="background-color: #fc72001c;">
<p>Le développement durable a pour objet de gérer les espaces et les ressources de manière à pouvoir répondre aux besoins présents sans compromettre ceux des générations futures. PEFC inscrit la forêt dans le développement durable. Comment ? Grâce à des règles de gestion qui visent à préserver la forêt pour l’avenir tout en permettant de produire du bois. Une forêt gérée durablement est une forêt qui :</p>



<ul class="wp-block-list">
<li>respecte et maintient sa biodiversité,</li>
<li>dont les sols et les eaux sont respectés,</li>
<li>est en bon état sanitaire et se renouvelle,</li>
<li>et bénéficie à toute la société : ressource en bois, puits de carbone, lieu de promenade et de loisirs !</li>
</ul>
</div>
</div>



<p>Plus d’infos à retrouver sur le site <a href="https://www.pefc-france.org/">PEFC | Gardien de l&rsquo;équilibre forestier (pefc-france.org)</a></p>

<p>Tous nos produits répondent aux normes européennes en vigueur. Nos fabrications répondent à la norme française NF Garantie du respect des normes Françaises et EuropéennesGarantie de la qualité contrôlée par un organisme indépendant et avec des essais réguliersGarantie d’utilisation des bois issus de forêts gérées durablement. Norme PEFC Dans un souci constant de préserver notre &hellip; </p>
