{"id":354,"date":"2022-05-30T13:52:55","date_gmt":"2022-05-30T11:52:55","guid":{"rendered":"https:\/\/www.audy.fr\/?page_id=354"},"modified":"2022-05-31T08:27:00","modified_gmt":"2022-05-31T06:27:00","slug":"rse","status":"publish","type":"page","link":"https:\/\/audy.fr\/?page_id=354","title":{"rendered":"RSE"},"content":{"rendered":"\r\n<h4 class=\"has-text-align-center has-background wp-block-heading\" style=\"background-color:#9fc6aa\">Issus des for\u00eats<br>g\u00e9r\u00e9es durablement<\/h4>\r\n\r\n\r\n\r\n<hr class=\"wp-block-separator has-alpha-channel-opacity\"\/>\r\n\r\n\r\n\r\n<p class=\"has-background\" style=\"background-color:#9fc6aa\">Tous nos bois proviennent de la for\u00eat des Landes de Gascogne, for\u00eat g\u00e9r\u00e9e durablement, et sont labellis\u00e9s PEFC.<br>Nous nous approvisionnons 50 km autour de l\u2019usine, scions, s\u00e9chons et rabotons toutes nos fabrications avant de les livrer directement sur vos chantiers.<\/p>\r\n\r\n\r\n\r\n<hr class=\"wp-block-separator has-alpha-channel-opacity\"\/>\r\n\r\n\r\n<div class=\"wp-block-image\">\r\n<figure class=\"aligncenter size-large\"><img loading=\"lazy\" decoding=\"async\" width=\"819\" height=\"1024\" src=\"http:\/\/www.audy.fr\/wp-content\/uploads\/2022\/05\/rse-line-819x1024.png\" alt=\"\" class=\"wp-image-427\" srcset=\"https:\/\/audy.fr\/wp-content\/uploads\/2022\/05\/rse-line-819x1024.png 819w, https:\/\/audy.fr\/wp-content\/uploads\/2022\/05\/rse-line-240x300.png 240w, https:\/\/audy.fr\/wp-content\/uploads\/2022\/05\/rse-line-768x960.png 768w, https:\/\/audy.fr\/wp-content\/uploads\/2022\/05\/rse-line-48x60.png 48w, https:\/\/audy.fr\/wp-content\/uploads\/2022\/05\/rse-line.png 901w\" sizes=\"auto, (max-width: 819px) 100vw, 819px\" \/><\/figure>\r\n<\/div>\r\n","protected":false},"excerpt":{"rendered":"<p>Issus des for\u00eatsg\u00e9r\u00e9es durablement Tous nos bois proviennent de la for\u00eat des Landes de Gascogne, for\u00eat g\u00e9r\u00e9e durablement, et sont labellis\u00e9s PEFC.Nous nous approvisionnons 50 km autour de l\u2019usine, scions, s\u00e9chons et rabotons toutes nos fabrications avant de les livrer directement sur vos chantiers.<\/p>\n","protected":false},"author":1,"featured_media":324,"parent":0,"menu_order":0,"comment_status":"closed","ping_status":"closed","template":"","meta":{"footnotes":""},"class_list":["post-354","page","type-page","status-publish","has-post-thumbnail","hentry","latest_post"],"_links":{"self":[{"href":"https:\/\/audy.fr\/index.php?rest_route=\/wp\/v2\/pages\/354","targetHints":{"allow":["GET"]}}],"collection":[{"href":"https:\/\/audy.fr\/index.php?rest_route=\/wp\/v2\/pages"}],"about":[{"href":"https:\/\/audy.fr\/index.php?rest_route=\/wp\/v2\/types\/page"}],"author":[{"embeddable":true,"href":"https:\/\/audy.fr\/index.php?rest_route=\/wp\/v2\/users\/1"}],"replies":[{"embeddable":true,"href":"https:\/\/audy.fr\/index.php?rest_route=%2Fwp%2Fv2%2Fcomments&post=354"}],"version-history":[{"count":11,"href":"https:\/\/audy.fr\/index.php?rest_route=\/wp\/v2\/pages\/354\/revisions"}],"predecessor-version":[{"id":431,"href":"https:\/\/audy.fr\/index.php?rest_route=\/wp\/v2\/pages\/354\/revisions\/431"}],"wp:featuredmedia":[{"embeddable":true,"href":"https:\/\/audy.fr\/index.php?rest_route=\/wp\/v2\/media\/324"}],"wp:attachment":[{"href":"https:\/\/audy.fr\/index.php?rest_route=%2Fwp%2Fv2%2Fmedia&parent=354"}],"curies":[{"name":"wp","href":"https:\/\/api.w.org\/{rel}","templated":true}]}}