{"id":91,"date":"2022-05-28T23:19:09","date_gmt":"2022-05-28T21:19:09","guid":{"rendered":"https:\/\/www.audy.fr\/?page_id=91"},"modified":"2022-05-29T22:06:15","modified_gmt":"2022-05-29T20:06:15","slug":"lambris-2","status":"publish","type":"page","link":"https:\/\/audy.fr\/?page_id=91","title":{"rendered":"LAMBRIS"},"content":{"rendered":"\r\n<h4 class=\"has-text-align-center wp-block-heading\">Lambris d\u00e9coratifs<\/h4>\r\n\r\n\r\n\r\n<p class=\"has-text-align-left\">Nous avons \u00e9toff\u00e9 et modernis\u00e9 notre gamme en concevant des produits plus larges et textur\u00e9s correspondant \u00e0 une d\u00e9co int\u00e9rieure tendance et chaleureuse.<\/p>\r\n\r\n\r\n<hr class=\"wp-block-separator has-alpha-channel-opacity\" \/>\r\n\r\n\r\n<div class=\"wp-block-columns is-layout-flex wp-container-core-columns-is-layout-9d6595d7 wp-block-columns-is-layout-flex\">\r\n<div class=\"wp-block-column is-layout-flow wp-block-column-is-layout-flow\">\r\n<figure class=\"wp-block-image size-large\"><a href=\"https:\/\/www.audy.fr\/?p=172\"><img loading=\"lazy\" decoding=\"async\" width=\"1024\" height=\"1024\" class=\"wp-image-219\" src=\"https:\/\/www.audy.fr\/wp-content\/uploads\/2022\/05\/lambris-deco2-carre-1024x1024.png\" alt=\"\" srcset=\"https:\/\/audy.fr\/wp-content\/uploads\/2022\/05\/lambris-deco2-carre-1024x1024.png 1024w, https:\/\/audy.fr\/wp-content\/uploads\/2022\/05\/lambris-deco2-carre-300x300.png 300w, https:\/\/audy.fr\/wp-content\/uploads\/2022\/05\/lambris-deco2-carre-150x150.png 150w, https:\/\/audy.fr\/wp-content\/uploads\/2022\/05\/lambris-deco2-carre-768x768.png 768w, https:\/\/audy.fr\/wp-content\/uploads\/2022\/05\/lambris-deco2-carre-60x60.png 60w, https:\/\/audy.fr\/wp-content\/uploads\/2022\/05\/lambris-deco2-carre-468x468.png 468w, https:\/\/audy.fr\/wp-content\/uploads\/2022\/05\/lambris-deco2-carre.png 1391w\" sizes=\"auto, (max-width: 1024px) 100vw, 1024px\" \/><\/a><\/figure>\r\n<\/div>\r\n\r\n\r\n\r\n<div class=\"wp-block-column is-layout-flow wp-block-column-is-layout-flow\">\r\n<figure class=\"wp-block-image size-large\"><a href=\"https:\/\/www.audy.fr\/?p=210\"><img loading=\"lazy\" decoding=\"async\" width=\"1024\" height=\"1024\" class=\"wp-image-170\" src=\"http:\/\/www.audy.fr\/wp-content\/uploads\/2022\/05\/lambris-deco3-1-1024x1024.jpg\" alt=\"\" srcset=\"https:\/\/audy.fr\/wp-content\/uploads\/2022\/05\/lambris-deco3-1-1024x1024.jpg 1024w, https:\/\/audy.fr\/wp-content\/uploads\/2022\/05\/lambris-deco3-1-300x300.jpg 300w, https:\/\/audy.fr\/wp-content\/uploads\/2022\/05\/lambris-deco3-1-150x150.jpg 150w, https:\/\/audy.fr\/wp-content\/uploads\/2022\/05\/lambris-deco3-1-768x767.jpg 768w, https:\/\/audy.fr\/wp-content\/uploads\/2022\/05\/lambris-deco3-1-60x60.jpg 60w, https:\/\/audy.fr\/wp-content\/uploads\/2022\/05\/lambris-deco3-1-468x468.jpg 468w, https:\/\/audy.fr\/wp-content\/uploads\/2022\/05\/lambris-deco3-1.jpg 1200w\" sizes=\"auto, (max-width: 1024px) 100vw, 1024px\" \/><\/a><\/figure>\r\n<\/div>\r\n<\/div>\r\n\r\n\r\n\r\n<div class=\"wp-block-columns is-layout-flex wp-container-core-columns-is-layout-9d6595d7 wp-block-columns-is-layout-flex\">\r\n<div class=\"wp-block-column is-layout-flow wp-block-column-is-layout-flow\">\r\n<figure class=\"wp-block-image size-full\"><a href=\"https:\/\/www.audy.fr\/?p=236\"><img loading=\"lazy\" decoding=\"async\" width=\"768\" height=\"768\" class=\"wp-image-220\" src=\"https:\/\/www.audy.fr\/wp-content\/uploads\/2022\/05\/lambris-deco1-carre.png\" alt=\"\" srcset=\"https:\/\/audy.fr\/wp-content\/uploads\/2022\/05\/lambris-deco1-carre.png 768w, https:\/\/audy.fr\/wp-content\/uploads\/2022\/05\/lambris-deco1-carre-300x300.png 300w, https:\/\/audy.fr\/wp-content\/uploads\/2022\/05\/lambris-deco1-carre-150x150.png 150w, https:\/\/audy.fr\/wp-content\/uploads\/2022\/05\/lambris-deco1-carre-60x60.png 60w, https:\/\/audy.fr\/wp-content\/uploads\/2022\/05\/lambris-deco1-carre-468x468.png 468w\" sizes=\"auto, (max-width: 768px) 100vw, 768px\" \/><\/a><\/figure>\r\n<\/div>\r\n\r\n\r\n\r\n<div class=\"wp-block-column is-layout-flow wp-block-column-is-layout-flow\">\r\n<figure class=\"wp-block-image size-full\"><a href=\"https:\/\/www.audy.fr\/?p=246\"><img loading=\"lazy\" decoding=\"async\" width=\"674\" height=\"674\" class=\"wp-image-224\" src=\"https:\/\/www.audy.fr\/wp-content\/uploads\/2022\/05\/lambris-deco4-carre.jpg\" alt=\"\" srcset=\"https:\/\/audy.fr\/wp-content\/uploads\/2022\/05\/lambris-deco4-carre.jpg 674w, https:\/\/audy.fr\/wp-content\/uploads\/2022\/05\/lambris-deco4-carre-300x300.jpg 300w, https:\/\/audy.fr\/wp-content\/uploads\/2022\/05\/lambris-deco4-carre-150x150.jpg 150w, https:\/\/audy.fr\/wp-content\/uploads\/2022\/05\/lambris-deco4-carre-60x60.jpg 60w, https:\/\/audy.fr\/wp-content\/uploads\/2022\/05\/lambris-deco4-carre-468x468.jpg 468w\" sizes=\"auto, (max-width: 674px) 100vw, 674px\" \/><\/a><\/figure>\r\n<\/div>\r\n<\/div>\r\n\r\n\r\n<hr class=\"wp-block-separator has-alpha-channel-opacity\" \/>\r\n\r\n\r\n<h4 class=\"has-text-align-center wp-block-heading\">Lambris traditionnels<\/h4>\r\n\r\n\r\n\r\n<p>Nous sommes l\u2019un des derniers fabricants \u00e0 proposer du lambris profil mouchette et GO2, pour une d\u00e9co vintage rappelant celle de nos anciens ou bien tout simplement pour tous vos travaux de r\u00e9novation.<\/p>\r\n\r\n\r\n\r\n<div class=\"wp-block-columns is-layout-flex wp-container-core-columns-is-layout-9d6595d7 wp-block-columns-is-layout-flex\">\r\n<div class=\"wp-block-column is-layout-flow wp-block-column-is-layout-flow\">\r\n<figure class=\"wp-block-image size-large\"><a href=\"https:\/\/www.audy.fr\/?p=260\"><img loading=\"lazy\" decoding=\"async\" width=\"1024\" height=\"1024\" class=\"wp-image-226\" src=\"http:\/\/www.audy.fr\/wp-content\/uploads\/2022\/05\/lambris-trad3-carre-1024x1024.jpg\" alt=\"\" srcset=\"https:\/\/audy.fr\/wp-content\/uploads\/2022\/05\/lambris-trad3-carre-1024x1024.jpg 1024w, https:\/\/audy.fr\/wp-content\/uploads\/2022\/05\/lambris-trad3-carre-300x300.jpg 300w, https:\/\/audy.fr\/wp-content\/uploads\/2022\/05\/lambris-trad3-carre-150x150.jpg 150w, https:\/\/audy.fr\/wp-content\/uploads\/2022\/05\/lambris-trad3-carre-768x768.jpg 768w, https:\/\/audy.fr\/wp-content\/uploads\/2022\/05\/lambris-trad3-carre-1536x1536.jpg 1536w, https:\/\/audy.fr\/wp-content\/uploads\/2022\/05\/lambris-trad3-carre-60x60.jpg 60w, https:\/\/audy.fr\/wp-content\/uploads\/2022\/05\/lambris-trad3-carre-468x468.jpg 468w, https:\/\/audy.fr\/wp-content\/uploads\/2022\/05\/lambris-trad3-carre.jpg 1900w\" sizes=\"auto, (max-width: 1024px) 100vw, 1024px\" \/><\/a>\r\n<figcaption>YPERFOKAL PHOTOGRAPHIE chris Reati<\/figcaption>\r\n<\/figure>\r\n<\/div>\r\n\r\n\r\n\r\n<div class=\"wp-block-column is-layout-flow wp-block-column-is-layout-flow\">\r\n<figure class=\"wp-block-image size-large\"><img loading=\"lazy\" decoding=\"async\" width=\"1024\" height=\"1024\" class=\"wp-image-227\" src=\"https:\/\/www.audy.fr\/wp-content\/uploads\/2022\/05\/lambris-trad1-carre-1024x1024.jpg\" alt=\"\" srcset=\"https:\/\/audy.fr\/wp-content\/uploads\/2022\/05\/lambris-trad1-carre-1024x1024.jpg 1024w, https:\/\/audy.fr\/wp-content\/uploads\/2022\/05\/lambris-trad1-carre-300x300.jpg 300w, https:\/\/audy.fr\/wp-content\/uploads\/2022\/05\/lambris-trad1-carre-150x150.jpg 150w, https:\/\/audy.fr\/wp-content\/uploads\/2022\/05\/lambris-trad1-carre-768x768.jpg 768w, https:\/\/audy.fr\/wp-content\/uploads\/2022\/05\/lambris-trad1-carre-1536x1536.jpg 1536w, https:\/\/audy.fr\/wp-content\/uploads\/2022\/05\/lambris-trad1-carre-60x60.jpg 60w, https:\/\/audy.fr\/wp-content\/uploads\/2022\/05\/lambris-trad1-carre-468x468.jpg 468w, https:\/\/audy.fr\/wp-content\/uploads\/2022\/05\/lambris-trad1-carre.jpg 1656w\" sizes=\"auto, (max-width: 1024px) 100vw, 1024px\" \/><\/figure>\r\n<\/div>\r\n\r\n\r\n\r\n<div class=\"wp-block-column is-layout-flow wp-block-column-is-layout-flow\">\r\n<figure class=\"wp-block-image size-full\"><img loading=\"lazy\" decoding=\"async\" width=\"639\" height=\"639\" class=\"wp-image-228\" src=\"https:\/\/www.audy.fr\/wp-content\/uploads\/2022\/05\/lambris-trad2-carre.jpg\" alt=\"\" srcset=\"https:\/\/audy.fr\/wp-content\/uploads\/2022\/05\/lambris-trad2-carre.jpg 639w, https:\/\/audy.fr\/wp-content\/uploads\/2022\/05\/lambris-trad2-carre-300x300.jpg 300w, https:\/\/audy.fr\/wp-content\/uploads\/2022\/05\/lambris-trad2-carre-150x150.jpg 150w, https:\/\/audy.fr\/wp-content\/uploads\/2022\/05\/lambris-trad2-carre-60x60.jpg 60w, https:\/\/audy.fr\/wp-content\/uploads\/2022\/05\/lambris-trad2-carre-468x468.jpg 468w\" sizes=\"auto, (max-width: 639px) 100vw, 639px\" \/><\/figure>\r\n<\/div>\r\n<\/div>\r\n","protected":false},"excerpt":{"rendered":"<p>Lambris d\u00e9coratifs Nous avons \u00e9toff\u00e9 et modernis\u00e9 notre gamme en concevant des produits plus larges et textur\u00e9s correspondant \u00e0 une d\u00e9co int\u00e9rieure tendance et chaleureuse. Lambris traditionnels Nous sommes l\u2019un des derniers fabricants \u00e0 proposer du lambris profil mouchette et GO2, pour une d\u00e9co vintage rappelant celle de nos anciens ou bien tout simplement pour &hellip; <\/p>\n","protected":false},"author":1,"featured_media":43,"parent":0,"menu_order":0,"comment_status":"closed","ping_status":"closed","template":"","meta":{"footnotes":""},"class_list":["post-91","page","type-page","status-publish","has-post-thumbnail","hentry","latest_post"],"_links":{"self":[{"href":"https:\/\/audy.fr\/index.php?rest_route=\/wp\/v2\/pages\/91","targetHints":{"allow":["GET"]}}],"collection":[{"href":"https:\/\/audy.fr\/index.php?rest_route=\/wp\/v2\/pages"}],"about":[{"href":"https:\/\/audy.fr\/index.php?rest_route=\/wp\/v2\/types\/page"}],"author":[{"embeddable":true,"href":"https:\/\/audy.fr\/index.php?rest_route=\/wp\/v2\/users\/1"}],"replies":[{"embeddable":true,"href":"https:\/\/audy.fr\/index.php?rest_route=%2Fwp%2Fv2%2Fcomments&post=91"}],"version-history":[{"count":18,"href":"https:\/\/audy.fr\/index.php?rest_route=\/wp\/v2\/pages\/91\/revisions"}],"predecessor-version":[{"id":282,"href":"https:\/\/audy.fr\/index.php?rest_route=\/wp\/v2\/pages\/91\/revisions\/282"}],"wp:featuredmedia":[{"embeddable":true,"href":"https:\/\/audy.fr\/index.php?rest_route=\/wp\/v2\/media\/43"}],"wp:attachment":[{"href":"https:\/\/audy.fr\/index.php?rest_route=%2Fwp%2Fv2%2Fmedia&parent=91"}],"curies":[{"name":"wp","href":"https:\/\/api.w.org\/{rel}","templated":true}]}}

<h4 class="has-text-align-center wp-block-heading">Lambris décoratifs</h4>



<p class="has-text-align-left">Nous avons étoffé et modernisé notre gamme en concevant des produits plus larges et texturés correspondant à une déco intérieure tendance et chaleureuse.</p>


<hr class="wp-block-separator has-alpha-channel-opacity" />


<div class="wp-block-columns is-layout-flex wp-container-core-columns-is-layout-9d6595d7 wp-block-columns-is-layout-flex">
<div class="wp-block-column is-layout-flow wp-block-column-is-layout-flow">
<figure class="wp-block-image size-large"><a href="https://www.audy.fr/?p=172"><img loading="lazy" decoding="async" width="1024" height="1024" class="wp-image-219" src="https://www.audy.fr/wp-content/uploads/2022/05/lambris-deco2-carre-1024x1024.png" alt="" srcset="https://audy.fr/wp-content/uploads/2022/05/lambris-deco2-carre-1024x1024.png 1024w, https://audy.fr/wp-content/uploads/2022/05/lambris-deco2-carre-300x300.png 300w, https://audy.fr/wp-content/uploads/2022/05/lambris-deco2-carre-150x150.png 150w, https://audy.fr/wp-content/uploads/2022/05/lambris-deco2-carre-768x768.png 768w, https://audy.fr/wp-content/uploads/2022/05/lambris-deco2-carre-60x60.png 60w, https://audy.fr/wp-content/uploads/2022/05/lambris-deco2-carre-468x468.png 468w, https://audy.fr/wp-content/uploads/2022/05/lambris-deco2-carre.png 1391w" sizes="auto, (max-width: 1024px) 100vw, 1024px" /></a></figure>
</div>



<div class="wp-block-column is-layout-flow wp-block-column-is-layout-flow">
<figure class="wp-block-image size-large"><a href="https://www.audy.fr/?p=210"><img loading="lazy" decoding="async" width="1024" height="1024" class="wp-image-170" src="http://www.audy.fr/wp-content/uploads/2022/05/lambris-deco3-1-1024x1024.jpg" alt="" srcset="https://audy.fr/wp-content/uploads/2022/05/lambris-deco3-1-1024x1024.jpg 1024w, https://audy.fr/wp-content/uploads/2022/05/lambris-deco3-1-300x300.jpg 300w, https://audy.fr/wp-content/uploads/2022/05/lambris-deco3-1-150x150.jpg 150w, https://audy.fr/wp-content/uploads/2022/05/lambris-deco3-1-768x767.jpg 768w, https://audy.fr/wp-content/uploads/2022/05/lambris-deco3-1-60x60.jpg 60w, https://audy.fr/wp-content/uploads/2022/05/lambris-deco3-1-468x468.jpg 468w, https://audy.fr/wp-content/uploads/2022/05/lambris-deco3-1.jpg 1200w" sizes="auto, (max-width: 1024px) 100vw, 1024px" /></a></figure>
</div>
</div>



<div class="wp-block-columns is-layout-flex wp-container-core-columns-is-layout-9d6595d7 wp-block-columns-is-layout-flex">
<div class="wp-block-column is-layout-flow wp-block-column-is-layout-flow">
<figure class="wp-block-image size-full"><a href="https://www.audy.fr/?p=236"><img loading="lazy" decoding="async" width="768" height="768" class="wp-image-220" src="https://www.audy.fr/wp-content/uploads/2022/05/lambris-deco1-carre.png" alt="" srcset="https://audy.fr/wp-content/uploads/2022/05/lambris-deco1-carre.png 768w, https://audy.fr/wp-content/uploads/2022/05/lambris-deco1-carre-300x300.png 300w, https://audy.fr/wp-content/uploads/2022/05/lambris-deco1-carre-150x150.png 150w, https://audy.fr/wp-content/uploads/2022/05/lambris-deco1-carre-60x60.png 60w, https://audy.fr/wp-content/uploads/2022/05/lambris-deco1-carre-468x468.png 468w" sizes="auto, (max-width: 768px) 100vw, 768px" /></a></figure>
</div>



<div class="wp-block-column is-layout-flow wp-block-column-is-layout-flow">
<figure class="wp-block-image size-full"><a href="https://www.audy.fr/?p=246"><img loading="lazy" decoding="async" width="674" height="674" class="wp-image-224" src="https://www.audy.fr/wp-content/uploads/2022/05/lambris-deco4-carre.jpg" alt="" srcset="https://audy.fr/wp-content/uploads/2022/05/lambris-deco4-carre.jpg 674w, https://audy.fr/wp-content/uploads/2022/05/lambris-deco4-carre-300x300.jpg 300w, https://audy.fr/wp-content/uploads/2022/05/lambris-deco4-carre-150x150.jpg 150w, https://audy.fr/wp-content/uploads/2022/05/lambris-deco4-carre-60x60.jpg 60w, https://audy.fr/wp-content/uploads/2022/05/lambris-deco4-carre-468x468.jpg 468w" sizes="auto, (max-width: 674px) 100vw, 674px" /></a></figure>
</div>
</div>


<hr class="wp-block-separator has-alpha-channel-opacity" />


<h4 class="has-text-align-center wp-block-heading">Lambris traditionnels</h4>



<p>Nous sommes l’un des derniers fabricants à proposer du lambris profil mouchette et GO2, pour une déco vintage rappelant celle de nos anciens ou bien tout simplement pour tous vos travaux de rénovation.</p>



<div class="wp-block-columns is-layout-flex wp-container-core-columns-is-layout-9d6595d7 wp-block-columns-is-layout-flex">
<div class="wp-block-column is-layout-flow wp-block-column-is-layout-flow">
<figure class="wp-block-image size-large"><a href="https://www.audy.fr/?p=260"><img loading="lazy" decoding="async" width="1024" height="1024" class="wp-image-226" src="http://www.audy.fr/wp-content/uploads/2022/05/lambris-trad3-carre-1024x1024.jpg" alt="" srcset="https://audy.fr/wp-content/uploads/2022/05/lambris-trad3-carre-1024x1024.jpg 1024w, https://audy.fr/wp-content/uploads/2022/05/lambris-trad3-carre-300x300.jpg 300w, https://audy.fr/wp-content/uploads/2022/05/lambris-trad3-carre-150x150.jpg 150w, https://audy.fr/wp-content/uploads/2022/05/lambris-trad3-carre-768x768.jpg 768w, https://audy.fr/wp-content/uploads/2022/05/lambris-trad3-carre-1536x1536.jpg 1536w, https://audy.fr/wp-content/uploads/2022/05/lambris-trad3-carre-60x60.jpg 60w, https://audy.fr/wp-content/uploads/2022/05/lambris-trad3-carre-468x468.jpg 468w, https://audy.fr/wp-content/uploads/2022/05/lambris-trad3-carre.jpg 1900w" sizes="auto, (max-width: 1024px) 100vw, 1024px" /></a>
<figcaption>YPERFOKAL PHOTOGRAPHIE chris Reati</figcaption>
</figure>
</div>



<div class="wp-block-column is-layout-flow wp-block-column-is-layout-flow">
<figure class="wp-block-image size-large"><img loading="lazy" decoding="async" width="1024" height="1024" class="wp-image-227" src="https://www.audy.fr/wp-content/uploads/2022/05/lambris-trad1-carre-1024x1024.jpg" alt="" srcset="https://audy.fr/wp-content/uploads/2022/05/lambris-trad1-carre-1024x1024.jpg 1024w, https://audy.fr/wp-content/uploads/2022/05/lambris-trad1-carre-300x300.jpg 300w, https://audy.fr/wp-content/uploads/2022/05/lambris-trad1-carre-150x150.jpg 150w, https://audy.fr/wp-content/uploads/2022/05/lambris-trad1-carre-768x768.jpg 768w, https://audy.fr/wp-content/uploads/2022/05/lambris-trad1-carre-1536x1536.jpg 1536w, https://audy.fr/wp-content/uploads/2022/05/lambris-trad1-carre-60x60.jpg 60w, https://audy.fr/wp-content/uploads/2022/05/lambris-trad1-carre-468x468.jpg 468w, https://audy.fr/wp-content/uploads/2022/05/lambris-trad1-carre.jpg 1656w" sizes="auto, (max-width: 1024px) 100vw, 1024px" /></figure>
</div>



<div class="wp-block-column is-layout-flow wp-block-column-is-layout-flow">
<figure class="wp-block-image size-full"><img loading="lazy" decoding="async" width="639" height="639" class="wp-image-228" src="https://www.audy.fr/wp-content/uploads/2022/05/lambris-trad2-carre.jpg" alt="" srcset="https://audy.fr/wp-content/uploads/2022/05/lambris-trad2-carre.jpg 639w, https://audy.fr/wp-content/uploads/2022/05/lambris-trad2-carre-300x300.jpg 300w, https://audy.fr/wp-content/uploads/2022/05/lambris-trad2-carre-150x150.jpg 150w, https://audy.fr/wp-content/uploads/2022/05/lambris-trad2-carre-60x60.jpg 60w, https://audy.fr/wp-content/uploads/2022/05/lambris-trad2-carre-468x468.jpg 468w" sizes="auto, (max-width: 639px) 100vw, 639px" /></figure>
</div>
</div>

<p>Lambris décoratifs Nous avons étoffé et modernisé notre gamme en concevant des produits plus larges et texturés correspondant à une déco intérieure tendance et chaleureuse. Lambris traditionnels Nous sommes l’un des derniers fabricants à proposer du lambris profil mouchette et GO2, pour une déco vintage rappelant celle de nos anciens ou bien tout simplement pour &hellip; </p>
